 - 2. Let p = 95 - 59. Let g be ((-6)/9)/(8/p). Determine d(g).
4
Let w(i) = -i - 2. Let y be w(5). Let z(o) = -2*o - 10. Calculate z(y).
4
Let h(u) = 6*u + 7. Let p(c) = -6*c - 6. Let s(w) = -5*h(w) - 6*p(w). What is s(-4)?
-23
Let i(b) = b - 5. Let d = 217 + -224. What is i(d)?
-12
Let x be 6/21 + 38/14. Suppose 2*o - 6*o = x*r - 21, 0 = r - 4*o - 7. Let y(p) = -p**2 - p**3 + 7*p - r*p - p. Calculate y(-2).
6
Let r(p) = 12*p - p**3 + 2*p**2 - 7*p**2 - 1 - 16*p. Let i(f) = -2*f**2 - 2*f. Let j be i(-2). Determine r(j).
-1
Suppose -2*h + b = 4, -12 = 2*h + 3*b - 6*b. Let m(s) = -s - 4. What is m(h)?
-4
Let k(i) = -i**2 - 4*i + 4. Suppose 0 = -3*v - 5*s, 0 = -4*v - s - 3 - 14. What is k(v)?
-1
Let n(f) = -f**2 + 2*f + 1. Let c = -6 + 0. Suppose -3*q - 3*p = p - 14, -4*p + 18 = q. Let x = q - c. Calculate n(x).
-7
Suppose 10 = 10*l - 5*l. Let w(c) be the second derivative of -7*c + 1/3*c**3 - 3/2*c**2 + 0 - 1/6*c**4. What is w(l)?
-7
Let s(o) be the third derivative of 0*o + 1/12*o**4 + 0 - 3*o**2 + 1/60*o**5 - 1/3*o**3. Calculate s(-3).
1
Suppose 1 + 7 = 4*l. Let b(s) = 2*s + 2 - l - s**2 - 2. What is b(2)?
-2
Suppose -6*q = -q. Suppose -d + q*d - 4 = 0. Let h(c) = c**3 + 4*c**2 - 5. Calculate h(d).
-5
Let y(h) = -12*h + 8. Let o(w) = 5*w - 4. Let q(n) = -9*o(n) - 4*y(n). Calculate q(-3).
-5
Suppose 0 = -5*m + m - 44. Let i(k) = -k**3 - 12*k**2 - 11*k + 5. Let j be i(m). Let r(v) = -v**2 + 4*v + 4. Determine r(j).
-1
Suppose 6*y - 4*y + 2*l = 2, 2*y - 7 = -3*l. Let p = y + 9. Let n(k) = 0*k**3 - 2*k + 5*k**2 - 1 + p*k + k**3. Determine n(-4).
3
Let c(l) = -3*l**3 + 2*l**2 - 1. Let d be (-2 - -7)/(2/(-4)). Let f = -8 - d. Suppose 8 = -f*p + 2*a, -2*a - 16 = -p - 5*a. Give c(p).
-2
Let p(c) = -c**3 - 9*c**2 - 9*c + 1. Let r(t) = t**3 + 10*t**2 + 10*t - 1. Let w(b) = 6*p(b) + 5*r(b). Let v be w(-3). Let l(i) = -4*i. What is l(v)?
-16
Let s(r) = -r + 12. Let t be s(10). Let o(x) be the second derivative of -x**4/12 + x**3/2 - x**2 + x. Calculate o(t).
0
Let c(x) be the third derivative of -x**5/60 + 5*x**4/24 + x**3/3 + 4*x**2. Calculate c(5).
2
Let n be (-8)/28 - ((-235)/(-35) - 4). Let h(m) = m**2 + 5*m - 4. What is h(n)?
-10
Suppose -2*n + 15 = -3*n + 5*d, -3*d = 2*n - 22. Let x(q) = 2 - 1 - q + n*q. Let o be x(1). Let b(m) = m**2 - 7*m + 3. Determine b(o).
-7
Suppose 2*u - 6*u - 12 = 0. Let l(t) = -t + 1. Let h(q) = -q + 9. Let f(b) = b - 14. Let z(r) = -5*f(r) - 8*h(r). Let a(c) = 11*l(c) + 4*z(c). Give a(u).
0
Let z(k) = -k**2 + k - 2. Let a = 48 - 50. Determine z(a).
-8
Let w(r) = 28*r - 22*r + 3 + 0. Let f(l) = 5*l + 4. Let m(q) = 5*f(q) - 4*w(q). Give m(-7).
1
Let h = -32 + 26. Let t(b) be the second derivative of b**5/20 + 5*b**4/12 - 5*b**3/6 + b**2/2 - 13*b. Give t(h).
-5
Let f(t) = t + 92 - 192 + 92. Calculate f(6).
-2
Let g(v) = 2*v + 5. Let s be g(-5). Let j be (-3)/(-6)*4 - s. Suppose 5*h = l + j, 0 = 4*h + h - 2*l - 9. Let f(i) = -3*i**2 + 2*i - 1. What is f(h)?
-2
Let v(r) = -3 - 2*r**2 + 8*r - 4*r**2 + 5*r**2. Calculate v(5).
12
Let s(f) be the second derivative of -f**4/12 - 7*f**3/6 - 3*f**2/2 + 25*f. Calculate s(-5).
7
Let z be (1/((-30)/(-3)))/3. Let h(m) be the third derivative of 0*m**4 + 0 - 1/2*m**3 - z*m**5 - 1/120*m**6 + 0*m + 2*m**2. Determine h(-3).
6
Let d(o) be the third derivative of -o**8/6720 + o**7/2520 - o**5/20 - o**4/12 - o**2. Let n(l) be the second derivative of d(l). Determine n(0).
-6
Let j(c) = -c**3 + 5*c**2 - 3*c + 1. Let s = 26 + -22. Determine j(s).
5
Let j(h) be the second derivative of -1/20*h**5 + 0 + 3*h**2 + 7/12*h**4 + 9*h - h**3. What is j(6)?
6
Let u(y) = 3*y**3 - 7*y**2 + 6*y. Let m(b) = -5*b**3 + 14*b**2 - 13*b + 1. Let t(a) = 4*m(a) + 7*u(a). Determine t(-8).
20
Let k(s) = 3*s**2 + 3*s + 1. Let o(m) = -3 + 1 + m**2 - 8*m - 4*m. Let w be o(12). Give k(w).
7
Let s(b) = b + 5. Let o be s(-8). Let g(p) = -14*p + 7*p + 8*p - 2 + 0*p. Calculate g(o).
-5
Suppose -b + 20 = 2*b + 5*k, 0 = -3*b + 2*k + 13. Let r(c) = 4*c**3 - b*c**3 - 2*c**2 - 2*c**2 - 3 + 3*c. Calculate r(-5).
7
Let f(d) = -14*d + 8*d + 7*d + 5. What is f(-6)?
-1
Let t(o) = -o + 2. Let s be 2 - 2 - (2 + 0). Give t(s).
4
Let n(u) = u**2 + u + 1. Let l(h) = -11*h**2 - 7*h - 5. Let q(g) = l(g) + 6*n(g). Let z be (-1)/((-2)/(-2))*-1. What is q(z)?
-5
Let t = 6 + -5. Let h(p) = -p**2 + 6*p - 4. Let f be h(5). Let z(q) = 0 - 7*q**2 + q - f + 6*q**2. What is z(t)?
-1
Suppose -2*k = 3*k. Suppose 3*q - 12 = -0*q. Let y(d) = 6*d - 7*d - q + 4. Give y(k).
0
Let d(n) = 2*n - 2. Suppose -t - 6 = -5*c + 1, 0 = -5*c + 10. Let j(l) = -l**2 - t + 2*l**2 + 6*l - 2*l**2. Let h be j(5). Calculate d(h).
2
Suppose 12 = -0*f + 4*f. Let o(l) = l**3 - 3*l**2 + 5. Let a(t) = -2*t**3 + 6*t**2 - t - 11. Suppose -2 = 2*v - v. Let b(g) = v*a(g) - 5*o(g). Calculate b(f).
3
Let l(h) = -h**3 - 3*h**2 - 3. Let y be (4 + -1)/(9/(-6)). Let j be 1/(((-6)/(-9))/y). Let x be j/(-9)*(1 - 10). What is l(x)?
-3
Suppose -2*k = -0*k. Let h(n) = -2 - n + k*n + 4. Let d be h(7). Let q(p) = -p + 1. Give q(d).
6
Let n(p) = -p**3 + 2*p**2 - 2*p + 2. Let g = -9 - -14. Let u = g - 3. Calculate n(u).
-2
Let g(v) = -11*v**3 + 12*v**2 + 18*v - 10. Let d(h) = -4*h**3 + 4*h**2 + 6*h - 3. Let a = 0 + 3. Let l(m) = a*g(m) - 8*d(m). What is l(5)?
-1
Let l(z) be the second derivative of -z**6/720 + z**5/120 - z**4/12 + 5*z. Let p(r) be the third derivative of l(r). What is p(2)?
-1
Let y(g) = -g**3 - g**2 + 2. Let v be (-6)/10 - (-18)/5. Suppose 0 = v*o - o. Give y(o).
2
Let q(a) = -4*a**2 - a + 1. Let c(r) = -3*r**2 - r + 1. Let n(m) = -3*c(m) + 2*q(m). Let p be n(1). Let j(w) = 4*w**3 - w**2 + w - 1. Give j(p).
3
Let o(z) = -z + z + 3 + z**2 - 2. Determine o(1).
2
Let s be 2 - 4/(-4 + 2). Let o(k) = k**2 + k + 1. Let t(b) = -4*b - 3. Suppose 3*r + 3 + 0 = 0. Let x(i) = r*o(i) - t(i). Determine x(s).
-2
Let v(k) be the third derivative of -k**5/60 + k**4/24 + k**3/6 - 3*k**2. What is v(2)?
-1
Let l(w) = 2*w - 132*w**2 + 65*w**2 + 65*w**2 - 3*w**3 + 1. Calculate l(-2).
13
Let a = -4 + 2. Suppose -2*q + 6*y + 24 = 2*y, -3*y - 39 = -5*q. Let s be a*(1 - -2)/q. Let d(b) = -5*b**2 - b. Calculate d(s).
-4
Let b(g) be the first derivative of -g**6/120 - g**5/20 + g**4/8 - g**3/3 - 7*g**2/2 + 8. Let z(l) be the second derivative of b(l). Calculate z(-4).
2
Suppose 0 = 3*j - 8 - 19. Let c be (-6)/((j/6)/1). Let m be -8*(3 - (-10)/c). Let z(s) = s**2 + 3*s + 2. Determine z(m).
6
Let j(p) = -2*p - 5. Suppose 0 = -d - 3*d - 12. Let a(u) = -u - 4. Let q(s) = d*j(s) + 4*a(s). Give q(3).
5
Let b be 32/(3 + -7)*2/(-16). Let x(n) = -6*n**3 - 2 - n**2 - n**3 + 3. Give x(b).
-7
Let s(b) = -2*b + 1. Let a be (-2)/(-4)*(3 + 1). What is s(a)?
-3
Suppose -4*o - v = -41, 5*o + 0*v + 2*v = 49. Suppose 26 = 5*c - 2*j, c + 0 = -5*j - o. Let m(a) = -a**3 + 5*a**2 - a - 5. Give m(c).
7
Suppose -y - 113 = 4*s, -5*s - 3*y - 125 = -5*y. Let z be (-90)/s + 2/3. Let u be (-6)/(-3) - (z - 2). Let o(i) = i**3 + i**2 - i + 4. Give o(u).
4
Let q(d) = d**2 + 8*d + 13. Let p be q(-7). Let l(x) be the first derivative of x**4/4 - 2*x**3 - x + 8. Calculate l(p).
-1
Let h(b) = b**3 + 4*b**2 + 2*b - 1. Let r = 38 - 41. Calculate h(r).
2
Let j(r) = r**3 + 4*r**2 + 3*r + 4. Let o be j(-3). Let c(i) = -i + 1. Give c(o).
-3
Let x(b) = -b**2 - 6*b - 2. Suppose 3*q = h - 2*q + 20, -q = -4*h - 23. Determine x(h).
3
Let f = 419/6 + -69. Let p(b) be the third derivative of 3*b**2 + f*b**3 - 1/24*b**4 + 0*b + 0. Determine p(0).
5
Let i(c) = 7*c - 6*c + 6 - c**2 - 3. Suppose -4*m - 15 = 5, -11 = -2*g + m. Calculate i(g).
-3
Let f(j) = 3*j + 1. Let o be f(1). Let i(l) be the second derivative of -l**3/2 + 3*l**2 - 5*l. Give i(o).
-6
Let c(o) = -o**3 + 7*o**2 - 5*o + 2. Suppose 5*w - 2*r - 20 = 0, 2*w - 4*r = -w - 2. Calculate c(w).
8
Let s(x) = 4*x + 2. Suppose 0 = l + c - 2, l = 4*c - 3 - 0. Let o be 3 - (l + -1)/(-1). Determine s(o).
14
Let x be (-2)/(-1)*1/2. Let g(f) be the first derivative of -1 + 0*f - 9/2*f**2. Determine g(x).
-9
Let v be ((-42)/(-12))/(2/(-4)). Let l(h) = h**2 + 7*h - 7. Give l(v).
-7
Let j(r) be the first derivative of 2*r**3/3 + r**2/2 + 17. Give j(-2).
6
Let w(g) = -g**2 + 2*g + 1. Let q = 0 + 1. Let d(f) = f - 5. Let s be d(17). Suppose 2*k - q = h, k + s = -2*k - 3*h. Give w(k).
-2
Let k(z) be the second deriv